he prime factors of 2796746878.
2, 769, 1818431
What are the prime factors of 28661592?
2, 3, 17, 70249
List the prime factors of 191073283.
47, 71, 57259
What are the prime factors of 4050288524?
2, 1012572131
What are the prime factors of 17391702?
2, 3, 37, 78341
List the prime factors of 190192029.
3, 67, 109, 8681
What are the prime factors of 335811323?
6779, 49537
List the prime factors of 7132352935.
5, 103, 1019, 13591
What are the prime factors of 70209230?
2, 5, 7, 13, 77153
What are the prime factors of 6034311979?
53, 3011, 37813
List the prime factors of 60722073.
3, 47, 143551
List the prime factors of 502452666.
2, 3, 29, 320851
What are the prime factors of 59785520?
2, 5, 747319
What are the prime factors of 187282637?
1531, 122327
List the prime factors of 54049372.
2, 13, 239, 4349
List the prime factors of 52607697.
3, 17535899
What are the prime factors of 2776316387?
13, 193, 1106543
List the prime factors of 7928448.
2, 3, 11, 1877
List the prime factors of 258181296.
2, 3, 181, 29717
List the prime factors of 2342097.
3, 433, 601
What are the prime factors of 178759391?
19, 9408389
What are the prime factors of 79465642?
2, 613, 64817
What are the prime factors of 572149718?
2, 7, 1723, 23719
What are the prime factors of 5305156069?
83, 63917543
List the prime factors of 33894032.
2, 2118377
List the prime factors of 65278341.
3, 313, 23173
List the prime factors of 61864904.
2, 17, 454889
List the prime factors of 327678273.
3, 13, 41, 83, 823
List the prime factors of 290604154.
2, 17, 419, 20399
List the prime factors of 172781498.
2, 353, 244733
What are the prime factors of 1068666142?
2, 163, 3278117
List the prime factors of 135045553.
135045553
List the prime factors of 180935683.
73, 173, 14327
List the prime factors of 721519905.
3, 5, 277, 173651
What are the prime factors of 71308465?
5, 14261693
What are the prime factors of 2009010689?
7, 8297, 34591
List the prime factors of 106055152.
2, 7, 151, 6271
What are the prime factors of 24142762?
2, 7, 1724483
What are the prime factors of 68064565?
5, 83, 164011
List the prime factors of 75007123.
3677, 20399
List the prime factors of 37154363.
37154363
List the prime factors of 181389870.
2, 3, 5, 2015443
List the prime factors of 238520337.
3, 11, 83, 87083
List the prime factors of 902159517.
3, 7, 227, 189251
List the prime factors of 141833926.
2, 13, 191
What are the prime factors of 2944946482?
2, 17, 86616073
What are the prime factors of 31301841?
3, 71, 223, 659
What are the prime factors of 283876551?
3, 7, 241, 2671
What are the prime factors of 494932840?
2, 5, 1087, 11383
What are the prime factors of 363861788?
2, 90965447
What are the prime factors of 263219069?
181, 1454249
List the prime factors of 2113396773.
3, 1999, 352409
What are the prime factors of 662301063?
3, 127, 193147
List the prime factors of 307052085.
3, 5, 37, 727, 761
What are the prime factors of 114150030?
2, 3, 5, 3805001
What are the prime factors of 13795840?
2, 5, 17, 317
List the prime factors of 54042478.
2, 7, 79, 131, 373
List the prime factors of 61109970.
2, 3, 5, 613, 3323
List the prime factors of 3505858611.
3, 18521, 63097
What are the prime factors of 60157561?
1361, 44201
List the prime factors of 1299320118.
2, 3, 29, 2489119
What are the prime factors of 3218906735?
5, 11, 17, 312971
List the prime factors of 114749607.
3, 7, 19, 29, 47, 211
What are the prime factors of 182753788?
2, 7, 1777, 3673
What are the prime factors of 58226408?
2, 227, 32063
List the prime factors of 8274215.
5, 19, 251, 347
What are the prime factors of 114100490?
2, 5, 7, 47, 79, 439
What are the prime factors of 2847990614?
2, 7, 7879, 25819
List the prime factors of 5411979329.
5411979329
What are the prime factors of 4363234?
2, 71, 30727
List the prime factors of 58428878.
2, 23, 1270193
What are the prime factors of 1427510871?
3, 101, 174491
What are the prime factors of 1618349465?
5, 323669893
List the prime factors of 87352248.
2, 3, 769, 4733
What are the prime factors of 107133650?
2, 5, 13, 164821
What are the prime factors of 198621305?
5, 39724261
List the prime factors of 244212197.
821, 297457
List the prime factors of 975549901.
43, 347, 65381
List the prime factors of 1777133043.
3, 7, 89, 151, 2099
What are the prime factors of 13125861?
3, 7, 37, 1877
List the prime factors of 460914027.
3, 7, 19, 97, 11909
List the prime factors of 420271283.
107, 3927769
List the prime factors of 1811523390.
2, 3, 5, 3137, 19249
List the prime factors of 23926539.
3, 7, 13, 87643
List the prime factors of 6063951.
3, 17, 118901
List the prime factors of 14074772.
2, 3518693
What are the prime factors of 144117175?
5, 5764687
List the prime factors of 2653225540.
2, 5, 7, 2707373
List the prime factors of 262106877.
3, 87368959
What are the prime factors of 200614844?
2, 19, 2639669
What are the prime factors of 1145626807?
13, 3041, 28979
List the prime factors of 55240350.
2, 3, 5, 11, 33479
List the prime factors of 308231538.
2, 3, 51371923
What are the prime factors of 302359730?
2, 5, 19, 1591367
What are the prime factors of 299349255?
3, 5, 23, 867679
List the prime factors of 353609921.
7, 941, 7669
List the prime factors of 351638168.
2, 7, 19, 23, 14369
List the prime factors of 199367413.
7, 263, 108293
List the prime factors of 19702328.
2, 2462791
What are the prime factors of 43021383?
3, 107, 223, 601
List the prime factors of 1133088489.
3, 13, 9684517
List the prime factors of 474159912.
2, 3, 19756663
List the prime factors of 458601878.
2, 7, 461, 10151
List the prime factors of 1140644652.
2, 3, 7, 557, 24379
What are the prime factors of 541047887?
43, 12582509
List the prime factors of 99911365.
5, 19982273
List the prime factors of 323436268.
2, 31, 311, 8387
List the prime factors of 348026618.
2, 17, 10236077
List the prime factors of 98310943.
43, 2286301
List the prime factors of 114851195.
5, 22970239
List the prime factors of 134466699.
3, 4111, 10903
List the prime factors of 63179711.
7, 1823, 4951
List the prime factors of 16540668.
2, 3, 459463
What are the prime factors of 6800017?
7, 17, 57143
What are the prime factors of 71328409?
337, 211657
List the prime factors of 94127260.
2, 5, 37, 311, 409
What are the prime factors of 2285874243?
3, 79, 1071671
List the prime factors of 2634564233.
7, 23, 31, 73, 1033
List the prime factors of 2067951319.
7, 295421617
List the prime factors of 6059868084.
2, 3, 463, 363563
List the prime factors of 6165949.
41, 101, 1489
List the prime factors of 38656814.
2, 7, 31, 89071
What are the prime factors of 96951228?
2, 3, 11, 734479
List the prime factors of 921615276.
2, 3, 76801273
List the prime factors of 2678385638.
2, 257, 5210867
List the prime factors of 6593821126.
2, 3296910563
List the prime factors of 64066952.
2, 8008369
What are the prime factors of 165509987?
165509987
List the prime factors of 197419353.
3, 65806451
List the prime factors of 1545210370.
2, 5, 11, 14047367
What are the prime factors of 114751152?
2, 3, 83, 9601
List the prime factors of 502595614.
2, 251297807
What are the prime factors of 3456724274?
2, 17, 101668361
What are the prime factors of 53100716?
2, 67, 347, 571
List the prime factors of 391592425.
5, 7, 2237671
What are the prime factors of 1527255455?
5, 11, 31, 113, 7927
List the prime factors of 1010433985.
5, 11, 18371527
List the prime factors of 63854493.
3, 461, 46171
What are the prime factors of 220849189?
11, 37, 163, 3329
List the prime factors of 702851227.
13, 23, 73, 2477
List the prime factors of 149806757.
149806757
What are the prime factors of 39892632?
2, 3, 13, 29, 4409
What are the prime factors of 18092636?
2, 19, 29, 8209
List the prime factors of 6417711104.
2, 7, 571
List the prime factors of 2114974590.
2, 3, 5, 17, 4147009
What are the prime factors of 1401646411?
11, 97, 1313633
List the prime factors of 782721059.
782721059
List the prime factors of 289263828.
2, 3, 7, 19, 181243
List the prime factors of 88506809.
88506809
List the prime factors of 4621171014.
2, 3, 103, 276949
List the prime factors of 117566504.
2, 11, 121453
List the prime factors of 118721725.
5, 73, 65053
What are the prime factors of 17350597?
11,